et m(h) = -h**2 + 5*h - 3. Let g be 9 + -10 + 1 + 0. Suppose g = 3*q + 3*z - 3, 0 = -2*z - 2*z - 4. Calculate m(q).
3
Suppose 0 = -4*a + a + 18. Let p be 1/(a/7 - 1). Let c be (-5)/(-3)*(4 + p). Let t(b) = b**3 + 6*b**2 + 4*b - 1. Determine t(c).
4
Let c(j) be the second derivative of j**5/20 - j**4/3 - j**3/6 + j**2/2 - 10*j. Let d = 8 - 4. What is c(d)?
-3
Let j(u) = -3*u**3 - 5*u**2 + 3*u + 9. Let x(w) = -13*w**3 - 20*w**2 + 13*w + 37. Let k(a) = -9*j(a) + 2*x(a). Determine k(-5).
-2
Suppose 4*n = -n. Suppose -4*z + 21 - 1 = n. Let r(a) = -a**2 + 6*a - 7. Give r(z).
-2
Let b(p) be the third derivative of p**2 + 1/120*p**6 - 1/30*p**5 + 1/3*p**3 + 0*p + 0 - 1/6*p**4. Let v be (-12)/(-10)*15/6. Calculate b(v).
-1
Let p(y) = y**2 - y + 2. Let z(k) = k**3 - 4*k**2 + 2*k - 6. Let n be z(4). Let h be p(n). Let b(d) = 5*d - h*d - 3 + 0. Calculate b(3).
0
Let p(j) be the second derivative of j**4/12 - j**3/6 + 3*j**2 + 2*j. Let c be (6/(-15) - 6/(-15))/1. Determine p(c).
6
Let r = 28 - 28. Let m(b) = b**2 - 3. Give m(r).
-3
Let t(a) be the third derivative of 7*a**4/24 - 7*a**2. Calculate t(-2).
-14
Let d(o) be the third derivative of o**4/12 - 5*o**3/6 - 2*o**2. Suppose 5*s - 18 = 2. Let f(b) = -2*b + 6. Let w(z) = s*f(z) + 5*d(z). Calculate w(5).
9
Let t(c) = 5*c**2 + 2*c + 7. Let y(p) = 9*p**2 + 5*p + 13. Let w(n) = -7*t(n) + 4*y(n). Suppose -2 = a + 2. Determine w(a).
-5
Suppose -i - 15 = -3*m + 2*i, -3*i = 4*m - 20. Let g(u) = u**3 - 5*u**2 + 1. Give g(m).
1
Let l(f) = 4*f - 49. Let h(n) = -n + 12. Let c(y) = -9*h(y) - 2*l(y). Let v = 37 - 30. Give c(v).
-3
Suppose 5*l + 12 + 12 = -n, 3*n = 4*l + 23. Let o(h) = h - 2. Determine o(l).
-7
Suppose z = 5*s + 15, 3*z + 2*s + 30 = 7. Let m(x) = -3*x**2 + 3*x + 7. Let c(t) = -2 + 19 - 7*t**2 + 6*t - 2. Let h(d) = z*m(d) + 2*c(d). Determine h(5).
5
Let u(w) = w**2 - 9*w - 8. Let l be u(10). Let m(f) = 0*f**2 + f**2 + f - 2*f**2 + 3*f**l - 6*f**3. Determine m(-1).
7
Let y be 17/(-60) + 3/9. Let u(z) be the second derivative of 0 - 2*z - 2/3*z**3 - y*z**5 + 1/2*z**4 - 5/2*z**2. Determine u(5).
0
Let l = 40 + -43. Let x(g) = -3*g + 1. Calculate x(l).
10
Let f(m) = m - 3. Let s(j) = 9*j + 7. Let n(o) = -13*o - 10. Let x(t) = 5*n(t) + 7*s(t). Let d be x(-2). Calculate f(d).
0
Let j(q) = 3*q - 11. Let z be j(5). Suppose 1 - 13 = -z*p. Let g(c) be the first derivative of c**3/3 - 2*c**2 + 1. Calculate g(p).
-3
Let c(k) = -3*k - 2*k**2 + 3 - k**2 - 3*k**2 + 7*k**2. Let y be 3/2 + 3/6. Let x be 3*(y/(-1))/(-2). Determine c(x).
3
Let l be 0*((-1)/2)/(-1). Let n(r) be the first derivative of -r**5/60 - 2*r**3/3 - 3*r**2/2 - 2. Let w(s) be the second derivative of n(s). Give w(l).
-4
Let x(m) be the third derivative of m**6/120 - 7*m**5/60 - m**4/12 + m**3/3 + m**2. Give x(7).
-12
Let r(o) = o**2 - 7*o - 3. Let i be (-2)/(-5) + (-1)/(15/(-99)). Calculate r(i).
-3
Suppose 2*i - 14 = 4*c, -4*i + 6*i = c - 1. Let r(m) = -3*m**3 + 2 - 4*m**2 - 1 - 2*m + 2*m**3. Determine r(i).
-2
Let y(s) be the first derivative of s**3/3 + s**2 - s - 1. Let p = -4 - -1. What is y(p)?
2
Let p be (33/9 - 4)*3. Let t(j) = 8*j. Let r(w) = -143*w. Let g(a) = 3*r(a) + 55*t(a). What is g(p)?
-11
Let k(o) be the second derivative of o**5/20 + o**4/12 - o**3/3 + o. Calculate k(-2).
0
Let t(b) = -b**3 - 4*b**2 + 5*b + 2. Let i = 22 - 27. Calculate t(i).
2
Let k(g) = 23*g**3 - g**2 - 22*g**3 - 4 + 11*g**2 - 2*g**2. Give k(-8).
-4
Let l(q) be the second derivative of -q**3/6 - 3*q**2/2 - 18*q. Give l(-10).
7
Let p be (-1)/(2 - (-44)/(-24)). Let y(b) = -b**2 + 0*b**2 + 0 + 0 - 6*b. Give y(p).
0
Suppose 4*x = -x + 25. Let u be (-6)/(-15) + 18/5. Let p(t) = -4 + t**3 - 3*t - 3*t - 3 - u*t**2. Give p(x).
-12
Let f(p) = -p**3 - p**2 + p + 1. Suppose b = -2*b. Let n = b + -4. Let m be -3 + (2 - 4 - n). Determine f(m).
0
Let p(a) = -a**3 + a**2 + a - 5. Let o(c) = -c**3 + c**2 - 3*c**2 - c**2. Suppose -2*u - 1 = -t, -2*t + 0 = 3*u + 12. Let i be o(t). Give p(i).
-5
Let u(w) = -w - 2. Let x be u(1). Let r(b) = -b**3 - 5*b**2 - 5*b - 2. Calculate r(x).
-5
Suppose 5*x + 5*h - 2 = 33, -3*x - h = -13. Let o(w) = 7 + 4*w - 2*w**3 - w + w**x - 5*w**2. Suppose 5*f = -24 - 1. Give o(f).
-8
Let h be 3 + 5/(10/4). Let n(v) = v**3 - 6*v**2 + 3*v - 6. Calculate n(h).
-16
Let f(s) = -8*s + 1. Let q be f(1). Let a = -5 - q. Let y(g) be the third derivative of -g**6/120 + g**5/60 + 8*g**2. Determine y(a).
-4
Let z(h) = h**3 + 3*h**2 + 3*h. Let p be (-10)/(-15) + (-7)/(-3). Suppose -p*k - 5 = 2*y, 1 = -4*k - 5*y - 1. What is z(k)?
-9
Let r(z) = 4*z - 1. Let y be r(1). Suppose -n - 4*m + 2 = -7, -5*n = -y*m - 22. Let u(d) = d - 5. Let v(g) = g - 6. Let q(l) = n*u(l) - 4*v(l). Give q(4).
3
Let t(y) be the first derivative of -2*y - 1 + 3*y**2 - 1/6*y**3. Let s(k) be the first derivative of t(k). Calculate s(0).
6
Let k(i) = i**2 + 4*i + 6. Let o be k(-4). Let m be 2/3 + 8/o. Let y(b) = 2*b**2 - b. What is y(m)?
6
Let j(n) = n + 1. Let r = -37 - -62. Let l be 6/(-10) + (-85)/r. Give j(l).
-3
Let o(v) be the second derivative of -1/12*v**4 - v**3 - 1/2*v**2 + 4*v + 0. Calculate o(-3).
8
Let a(q) = 5*q**3 - 7*q**2 + 12*q - 3. Let w(u) = 12*u**3 - 15*u**2 + 26*u - 7. Let i(k) = 7*a(k) - 3*w(k). Let r = 7 + -12. Give i(r).
-5
Suppose 4*r = 7*r - 45. Let u = 2 + r. Suppose 0 = 4*k - 3*p + u, k + 5*p + 0*p = 13. Let l(q) = -2*q + 1. Determine l(k).
5
Suppose -a - 2 = -4. Let h(j) = 2*j - j**3 - 4*j**a - 7*j + j - 4. Give h(-3).
-1
Suppose -4*v + 6*v + 30 = 0. Let s(i) = i**3 + 16*i**2 + 14*i - 19. Give s(v).
-4
Let p(t) = t - 8. Suppose -34 - 8 = -5*j + 3*c, 14 = -j - 5*c. Calculate p(j).
-2
Let x(o) = -10*o. Let k be x(1). Let c(d) = -d**3 - 9*d**2 + 11*d + 6. Let v be c(k). Let q(r) = r**3 + 4*r**2 - 3*r - 5. Calculate q(v).
7
Let k(w) be the second derivative of -w**8/6720 - w**7/2520 + w**6/720 + w**5/120 + 5*w**4/12 + 9*w. Let c(y) be the third derivative of k(y). Determine c(-2).
3
Let w(m) = 0 + 1 + m - 2*m - 5*m. Let t = -3 - -2. What is w(t)?
7
Let a(y) = 2*y + 6. Let q be a(-6). Let t(i) = i + 8. Let d be t(q). Let k(z) be the first derivative of -z**4/4 + z**3/3 - z + 1. Determine k(d).
-5
Let a(k) = k**3 + 5*k**2 - 8*k - 8. Let w be a(-6). Let x(p) = -3 - 4*p + 5*p + 6. Give x(w).
7
Let b(g) = -5*g - 2*g**2 + 3*g**3 + 0*g**2 + 4*g. Let s(n) be the first derivative of -n**4/4 + 2*n**3 - n + 8. Let d be s(6). Give b(d).
-4
Let q(b) = b**2 - b + 6. Let j = 11 - 11. What is q(j)?
6
Let x(o) be the first derivative of 2*o**3 - o**2/2 + 10. Let k = -1 - 1. Let t = k - -3. Calculate x(t).
5
Let c be (8/(-6))/((-4)/(-6)). Let m(a) = 2*a**2 - 2*a + 1. Determine m(c).
13
Let o(b) = b**2 - 6*b + 1. Let k be o(6). Let m(a) = 1 - k + 5*a**2 + 3*a + a**3 + 2 + 2*a. Let n = 8 - 11. What is m(n)?
5
Suppose 2*w = 6*w - 24. Let q(j) = w - 4 + j - 1 - 2*j**2 + 3*j. What is q(3)?
-5
Let o(h) = 5*h + 3 + 7*h - 10*h - h. Calculate o(-8).
-5
Let c(a) = -a. Let q(l) = 6*l. Let v(g) = 5*c(g) + q(g). Let h = 6 + -8. Let k be (0 + 0/h)/2. Give v(k).
0
Let s be 1 + 1 + 1 + 0. Let f(a) = a**2 - a + 1. Determine f(s).
7
Let t(x) = x**2. Let m(o) = 7*o**2 + 6*o + 1. Let v(y) = m(y) - 6*t(y). What is v(-4)?
-7
Let u(z) = -3*z + 2. Let f(j) = -4*j + 2. Let i(n) = -2*f(n) + 3*u(n). What is i(-3)?
5
Let b(z) be the second derivative of 1/4*z**4 + 0*z**3 + 0 - 1/144*z**6 + 3*z - 1/60*z**5 + 0*z**2. Let d(x) be the third derivative of b(x). Calculate d(2).
-12
Let i(j) = 24 + 3*j - 23 - j. Suppose 0 = 3*m - 5*b + 3*b - 7, 4*m = 5*b + 21. Calculate i(m).
-1
Let h(w) = -w**3 - 9*w**2 - 6*w + 8. Let i be 6/27 - 296/(-108)*-3. What is h(i)?
-8
Let k be (-42)/12 + 2/(-4). Let b be (k - -6)*(-1 - -2). Let f(p) = -p - 1. Give f(b).
-3
Let j(l) = -l. Let z(h) = -h**2 + 10*h + 1. Let n(c) = c**2 - c + 1. Let x be n(0). Let r(p) = x*z(p) + 6*j(p). Calculate r(4).
1
Let g(d) = -10*d**3 + 9*d**2 + 6*d - 1. Let y(b) = 3*b**3 - 3*b**2 - 2*b. Let n(s) = -2*g(s) - 7*y(s). Let f(h) = -h**3 + 5*h**2 + 4. Let m be f(5). Give n(m).
-6
Let v(s) = 6*s. Suppose -4*o - 1 = -5. Calculate v(o).
6
Suppose 0 = 11*g - 8*g - 6. Let f(i) = -1 + 4 - i - 1 + g. Give f(-7).
11
Let h(d) = 3*d - 4*d + 4 - 5. Give h(1).
-2
Suppose 6 = d - 5*x - 8, 4*d + 19 = -5*x. Let v(m) be the third derivative of 0*m**3 + 3*m**2 + 0*m + 5/24*m**4